reatest common factor of 138 and 7433163.
69
What is the greatest common factor of 455340 and 60?
60
What is the highest common divisor of 8120 and 1073000?
1160
Calculate the highest common factor of 90 and 125910.
90
What is the greatest common divisor of 927 and 157487?
103
Calculate the greatest common factor of 1392 and 7134.
174
Calculate the greatest common divisor of 179 and 509.
1
What is the greatest common factor of 30149 and 98?
7
What is the highest common factor of 58642 and 9146?
538
Calculate the highest common factor of 17688 and 792.
264
Calculate the highest common divisor of 1050 and 415275.
525
Calculate the greatest common factor of 5170 and 990.
110
What is the greatest common factor of 4 and 14492?
4
What is the highest common divisor of 9 and 904725?
9
Calculate the highest common divisor of 3 and 50171.
1
What is the greatest common factor of 15 and 1605?
15
What is the highest common factor of 25662 and 169858?
1222
Calculate the greatest common factor of 3654 and 4032.
126
Calculate the highest common divisor of 13 and 4197921.
13
What is the highest common factor of 4142 and 79762?
38
What is the highest common divisor of 7 and 7643699?
7
What is the highest common divisor of 27 and 314793?
27
What is the greatest common divisor of 727356 and 48?
12
Calculate the greatest common divisor of 114099 and 129729.
1563
Calculate the greatest common divisor of 48 and 560240.
16
What is the highest common factor of 27 and 50571?
27
Calculate the highest common factor of 79416 and 144.
72
Calculate the greatest common divisor of 7091 and 28.
7
What is the highest common factor of 250 and 181625?
125
Calculate the highest common factor of 18280 and 11840.
40
Calculate the greatest common divisor of 3640 and 232.
8
What is the greatest common factor of 2618 and 378?
14
What is the greatest common factor of 81 and 60345?
81
Calculate the highest common divisor of 1183 and 1414.
7
What is the greatest common factor of 104095 and 137520?
955
What is the highest common factor of 130 and 5030?
10
Calculate the greatest common factor of 270 and 43902.
54
What is the highest common factor of 6 and 16138?
2
Calculate the greatest common divisor of 1328 and 6806.
166
Calculate the highest common divisor of 30 and 43030.
10
What is the highest common divisor of 2 and 7351?
1
Calculate the highest common factor of 885 and 1676485.
295
Calculate the greatest common factor of 54766 and 394.
394
Calculate the greatest common divisor of 383 and 2260849.
383
Calculate the greatest common divisor of 341 and 10726.
31
What is the greatest common factor of 8778933 and 1719?
1719
What is the highest common divisor of 11011 and 6534?
121
What is the greatest common factor of 48 and 20292?
12
What is the greatest common factor of 58098 and 447102?
2526
What is the highest common factor of 5508 and 35734?
34
What is the highest common factor of 760 and 51110?
190
Calculate the greatest common factor of 3444 and 291228.
84
Calculate the greatest common factor of 291 and 388.
97
What is the highest common divisor of 17756 and 176788?
772
What is the highest common divisor of 87 and 4379?
29
Calculate the highest common factor of 3886 and 464.
58
Calculate the highest common factor of 12214 and 10726.
62
Calculate the highest common factor of 5496 and 20736.
24
Calculate the greatest common divisor of 1041744 and 3696.
528
Calculate the greatest common divisor of 601 and 1469445.
601
What is the greatest common factor of 390813 and 51?
51
What is the greatest common divisor of 133 and 1102?
19
Calculate the highest common divisor of 120 and 4841560.
40
Calculate the greatest common divisor of 1984 and 7564.
124
Calculate the highest common factor of 3219435 and 90.
45
Calculate the highest common factor of 12510 and 146645.
695
Calculate the highest common divisor of 1174224 and 30.
6
What is the highest common factor of 35694 and 117?
9
Calculate the greatest common factor of 28923 and 961.
31
What is the highest common divisor of 33242 and 2926?
22
Calculate the greatest common factor of 17542 and 8134.
98
What is the highest common factor of 6304 and 22261?
197
What is the greatest common factor of 119430 and 10?
10
Calculate the highest common divisor of 191856 and 672.
336
What is the highest common divisor of 8809 and 1886?
23
Calculate the greatest common divisor of 4304 and 176.
16
What is the highest common divisor of 132 and 23034?
66
What is the highest common divisor of 38277 and 27?
9
Calculate the greatest common divisor of 12960 and 1524.
12
What is the greatest common factor of 202 and 5878?
2
What is the highest common factor of 810 and 4185540?
270
Calculate the greatest common divisor of 20 and 52285.
5
Calculate the highest common factor of 912 and 161040.
48
What is the highest common divisor of 120 and 2010?
30
Calculate the greatest common divisor of 537350 and 550.
550
Calculate the highest common divisor of 1107 and 28044.
369
What is the highest common divisor of 192 and 8728?
8
What is the highest common divisor of 754604 and 76?
76
What is the greatest common factor of 221081 and 7?
7
Calculate the greatest common factor of 6873 and 2279545.
2291
What is the highest common divisor of 1960 and 344120?
280
What is the greatest common divisor of 13605 and 585?
15
What is the greatest common divisor of 1508 and 3333434?
754
Calculate the highest common factor of 155090 and 50.
10
What is the highest common factor of 183181 and 332?
83
Calculate the greatest common divisor of 4800 and 1.
1
Calculate the highest common divisor of 5910 and 1890.
30
Calculate the greatest common divisor of 3314 and 22.
2
Calculate the highest common divisor of 70 and 20335.
35
Calculate the greatest common divisor of 14023 and 7622.
37
Calculate the highest common divisor of 13520 and 704600.
520
Calculate the greatest common divisor of 2770 and 247638.
554
Calculate the highest common factor of 95930 and 39820.
1810
Calculate the greatest common divisor of 295456 and 64.
32
What is the highest common divisor of 3 and 284457?
3
What is the highest common divisor of 8300908 and 308?
308
What is the greatest common factor of 8551 and 28671?
503
Calculate the highest common divisor of 2346 and 736.
46
What is the greatest common divisor of 163051 and 7?
7
Calculate the highest common factor of 1586351 and 13.
13
What is the highest common factor of 3 and 32673?
3
Calculate the greatest common factor of 248 and 264802.
62
What is the greatest common divisor of 2149798 and 14?
14
What is the highest common divisor of 6769 and 123776?
967
Calculate the highest common divisor of 156 and 7428.
12
Calculate the greatest common factor of 71307 and 4309.
139
What is the highest common divisor of 1835277 and 1016?
127
What is the greatest common factor of 1515 and 31209?
303
What is the highest common divisor of 18799 and 22?
11
Calculate the highest common divisor of 16061757 and 1011.
1011
Calculate the highest common factor of 1216 and 1856.
64
Calculate the highest common divisor of 6815 and 928.
29
What is the highest common divisor of 2874689 and 661?
661
Calculate the highest common factor of 20436 and 156.
156
What is the highest common factor of 75 and 7005?
15
What is the highest common factor of 35 and 1255855?
5
Calculate the greatest common factor of 171 and 11248.
19
Calculate the greatest common factor of 1547932 and 148.
148
Calculate the highest common factor of 9 and 440109.
9
What is the greatest common divisor of 348324 and 24?
12
What is the highest common divisor of 562184 and 56?
56
What is the highest common divisor of 1871423 and 74?
37
What is the highest common factor of 5751 and 1152?
9
What is the greatest common divisor of 183239 and 7?
7
Calculate the greatest common factor of 313025 and 1425.
475
What is the highest common divisor of 3354 and 1794?
78
What is the greatest common factor of 343955 and 10?
5
What is the highest common divisor of 602 and 24639?
43
What is the greatest common divisor of 77 and 844039?
7
Calculate the greatest common factor of 53491 and 1795.
359
What is the highest common divisor of 146 and 6059?
73
Calculate the greatest common factor of 298662 and 12.
6
What is the greatest common divisor of 1